 factor of 932669 and 398131.
1109
Calculate the greatest common divisor of 251308 and 1724.
4
Calculate the greatest common divisor of 36087 and 804374.
523
What is the highest common divisor of 87720135 and 366?
183
Calculate the highest common factor of 14037 and 390654389.
4679
What is the highest common divisor of 120832479 and 747?
747
What is the highest common factor of 3873605 and 2984?
373
What is the highest common factor of 321134263 and 41?
41
What is the highest common divisor of 10 and 12166795?
5
What is the greatest common factor of 2047537 and 927?
103
Calculate the greatest common divisor of 4084699 and 7697.
43
Calculate the greatest common divisor of 5 and 15008225.
5
Calculate the highest common factor of 1045488 and 60.
12
Calculate the greatest common factor of 549516 and 1393524.
3036
Calculate the greatest common divisor of 1554 and 3571314.
222
Calculate the highest common divisor of 212942213 and 7609.
1087
What is the highest common divisor of 190 and 60973210?
10
Calculate the highest common factor of 22264 and 1045396.
1012
Calculate the greatest common divisor of 114738 and 3354.
78
Calculate the greatest common divisor of 238993 and 259089194.
10391
Calculate the greatest common factor of 8554 and 7423039.
611
Calculate the greatest common factor of 210006327 and 657.
219
Calculate the highest common factor of 1435 and 89451873.
287
Calculate the greatest common divisor of 39870 and 156822.
2658
Calculate the highest common divisor of 15155 and 344235.
2165
Calculate the greatest common divisor of 354 and 43817294.
118
Calculate the highest common factor of 1246290 and 150.
30
Calculate the highest common divisor of 13325 and 323245.
65
What is the greatest common factor of 6171011 and 47971?
539
What is the highest common factor of 185 and 3586003?
37
What is the highest common divisor of 25998 and 828534?
42
Calculate the greatest common factor of 195 and 338495001.
39
What is the highest common divisor of 45505 and 123215?
95
Calculate the greatest common factor of 126324240 and 175.
35
Calculate the greatest common factor of 2368 and 10026038.
74
Calculate the highest common divisor of 91 and 600467.
7
What is the greatest common factor of 94 and 110500243?
47
Calculate the greatest common factor of 12714 and 1196641680.
12714
What is the greatest common divisor of 1055042 and 22662?
2518
Calculate the highest common factor of 981090 and 36196275.
14865
Calculate the highest common divisor of 169539 and 18786.
93
What is the greatest common divisor of 9234847 and 6119?
29
What is the greatest common factor of 962 and 5189496?
26
What is the greatest common divisor of 115230702 and 3?
3
What is the highest common factor of 4051841 and 75371?
2599
What is the greatest common divisor of 391 and 670013?
23
Calculate the highest common factor of 222 and 2546830842.
222
What is the greatest common factor of 2274 and 7300386?
6
Calculate the greatest common factor of 82 and 20486593.
41
Calculate the greatest common factor of 17800215 and 45.
15
Calculate the highest common factor of 418 and 811574588.
418
What is the greatest common divisor of 76800 and 899589120?
15360
Calculate the highest common divisor of 438479315 and 1622.
811
Calculate the greatest common divisor of 7089558 and 84.
42
Calculate the highest common factor of 15584842 and 39.
13
What is the highest common factor of 5904 and 67248?
144
Calculate the greatest common factor of 1092700 and 3430000.
4900
What is the highest common divisor of 576 and 12608?
64
Calculate the greatest common factor of 2240 and 4661720.
280
What is the greatest common factor of 957204 and 756?
108
Calculate the highest common factor of 15195430 and 30.
10
What is the greatest common divisor of 28560 and 1059450?
210
Calculate the greatest common divisor of 38056 and 5576008.
536
Calculate the greatest common factor of 2112279 and 7995.
1599
Calculate the highest common divisor of 132 and 143350356.
12
What is the highest common divisor of 5446 and 22423516?
778
What is the greatest common factor of 24756 and 660?
12
What is the highest common factor of 2426160 and 6433?
919
What is the greatest common factor of 24770087 and 61?
61
Calculate the highest common factor of 910 and 9809553.
13
What is the highest common divisor of 228 and 152850708?
12
What is the highest common divisor of 120 and 129180320?
40
Calculate the greatest common divisor of 470 and 101845710.
470
What is the highest common factor of 35151837 and 21?
21
Calculate the greatest common divisor of 347223300 and 24.
12
Calculate the highest common factor of 3657 and 969211.
53
What is the greatest common factor of 519468 and 4404?
12
Calculate the greatest common factor of 15 and 22061995.
5
What is the highest common divisor of 336713 and 80299?
59
Calculate the greatest common factor of 139152 and 4368.
624
What is the highest common factor of 666693771 and 362?
181
What is the highest common divisor of 3543936 and 1947?
33
Calculate the highest common factor of 160842368 and 10056.
3352
What is the highest common divisor of 256 and 4624064?
64
What is the greatest common divisor of 8100 and 10568700?
900
What is the greatest common divisor of 16955855 and 5?
5
What is the greatest common divisor of 16035767 and 242?
121
Calculate the greatest common divisor of 10998 and 8109803.
611
What is the greatest common divisor of 21203410 and 10?
10
What is the greatest common factor of 15855085 and 155?
5
Calculate the highest common divisor of 695350 and 40.
10
Calculate the highest common factor of 1481406 and 203796.
222
Calculate the highest common factor of 47323 and 592.
37
Calculate the greatest common divisor of 14177199 and 744.
93
What is the highest common factor of 79 and 35137304?
79
What is the highest common divisor of 1228682 and 2365?
43
What is the greatest common factor of 79935401 and 273?
91
Calculate the highest common divisor of 1506832 and 16.
16
Calculate the greatest common factor of 253524 and 41625.
111
What is the greatest common divisor of 4715488 and 570448?
1616
Calculate the highest common divisor of 82944420 and 215.
215
What is the greatest common factor of 117 and 11846133?
117
What is the greatest common factor of 120576 and 65896?
8
What is the greatest common factor of 6713026 and 2?
2
What is the greatest common divisor of 2079962 and 10?
2
Calculate the greatest common factor of 4863558 and 2408.
602
What is the greatest common factor of 264 and 17464689?
33
Calculate the greatest common divisor of 19536 and 594429.
33
What is the highest common factor of 571814 and 4495822?
5246
What is the greatest common divisor of 1384 and 5720591?
173
What is the highest common divisor of 4383 and 144495?
9
Calculate the highest common factor of 96216 and 102904.
152
What is the highest common factor of 49 and 1483958?
7
What is the highest common factor of 642345 and 19800?
165
Calculate the greatest common factor of 5947 and 51244047.
313
Calculate the greatest common factor of 17 and 566899.
17
What is the greatest common divisor of 3889466 and 1305052?
5138
What is the greatest common factor of 61365435 and 4584?
573
Calculate the highest common divisor of 18 and 3628692.
18
Calculate the greatest common factor of 119120554 and 56.
14
What is the highest common factor of 1987825 and 3425?
25
Calculate the greatest common factor of 9536 and 8120649.
149
Calculate the greatest common divisor of 14976 and 658304.
128
What is the highest common factor of 14219307 and 1?
1
Calculate the greatest common factor of 72552879 and 483.
483
What is the greatest common divisor of 14315157 and 3855?
771
Calculate the highest common divisor of 9379 and 1635675.
113
What is the highest common divisor of 33 and 10645239?
33
What is the greatest common factor of 35 and 3508631?
7
Calculate the greatest common factor of 1784192 and 2656.
32
Calculate the highest common divisor of 1011607 and 16559.
29
Calculate the greatest common divisor of 2558640 and 558432.
336
What is the highest common factor of 6303627 and 19602?
99
Calculate the highest common factor of 15865 and 6231605.
835
Calculate the highest common divisor of 23585250 and 4264.
1066
What is the greatest common divisor of 29